160)/(-84))/(-10)). Let s = x - m. What is the highest common divisor of 176 and s?
16
Suppose 0 = 3*d - o - 43, 0 = -5*d - o - 36 + 113. What is the highest common divisor of 165 and d?
15
Suppose -144 = -2*r - 2*r - 5*d, -2*d - 36 = -r. Let c(u) = 5*u - 86. Let y be c(18). What is the highest common factor of r and y?
4
Let i = 7 + 19. Suppose -30*x + i*x + 44 = 0. Suppose p = -t + 5*p + 103, 4 = -4*p. Calculate the greatest common factor of x and t.
11
Let g = -10 + 12. Suppose 42 = -5*n + g*n. Let j be n/(-10) + 18/30. What is the greatest common factor of j and 6?
2
Suppose -96*h + 102*h = 1134. Calculate the highest common divisor of h and 7.
7
Let m(c) = -6*c**2 + 28*c + 12. Let s be m(5). Suppose -2*u = -u - 22. Calculate the greatest common divisor of s and u.
2
Suppose 0 = 2*x + 10 - 32. Suppose -x*m - 72 = -13*m. Let z = m - 25. What is the greatest common factor of 11 and z?
11
Suppose -1 = t, 0 = 4*g + 2*t - 0*t - 254. What is the highest common divisor of g and 256?
64
Suppose -5*o = -8*o + 18. Suppose -5*q + m = -2*m + 29, 0 = -3*q + m - 19. Let b be (q + 1)*(-18)/o. Calculate the highest common divisor of b and 162.
18
Suppose -3*o = 3*f - 270, 438 = -64*o + 69*o - f. What is the greatest common divisor of o and 56?
8
Let x(z) = -z**3 - 20*z**2 + 9*z - 48. Let u be x(-21). Calculate the highest common divisor of 60 and u.
12
Let n(r) = 12*r + 2. Let t(u) = u**2 + 7. Let k be t(0). Let b be n(k). Suppose -b = -5*y + 49. Calculate the highest common divisor of 27 and y.
27
Let p be 12 - (2 - (2 - 1)). Suppose p + 4 = 3*w. Suppose -w*x + 184 = -61. Calculate the highest common divisor of 7 and x.
7
Let q be 694/3 + (-1)/(13 + -10). Calculate the greatest common factor of q and 264.
33
Let u = 20 - 6. Let q(r) = -r**2 - 27*r - 98. Let v be q(-6). What is the highest common divisor of u and v?
14
Let u(n) = 4*n + 4. Let i be u(6). Suppose 20*r = 11*r + 378. Calculate the greatest common divisor of r and i.
14
Let z(m) = -3*m + 8. Let x(d) = 7*d - 15. Let h(f) = -3*x(f) - 5*z(f). Let a be h(-5). What is the greatest common divisor of a and 14?
7
Let w(o) = 7*o**2 + 5. Let b(r) = -6*r**2 - 5. Let a(u) = -4*b(u) - 3*w(u). Let n be a(5). Calculate the highest common divisor of 32 and n.
16
Let c = 34 - -239. Calculate the greatest common divisor of 21 and c.
21
Suppose -22 = 28*a - 218. What is the greatest common factor of 175 and a?
7
Let g = 8 + -32. Let f be (g/(-5))/((-17)/(-850)). Calculate the highest common divisor of 48 and f.
48
Suppose 2*w + 2*s = 7*w - 142, -2*w + 52 = 4*s. Suppose -43*c + 5980 + 3652 = 0. Calculate the greatest common factor of c and w.
28
Let r = -1329 + 1459. Calculate the highest common factor of 143 and r.
13
Let t be 162 - (-9 + (15 - 6)). What is the highest common divisor of 12 and t?
6
Suppose -2*b + 4 = -k, -5*b + 3*k = -4 - 4. Let t = -102 - -104. What is the highest common factor of t and b?
2
Let w be ((-2)/4)/(2/(-12)). Suppose -2*m - 29 = -4*y + 21, 4*y - 85 = -5*m. What is the greatest common divisor of y and w?
3
Let x = 46 - 40. Suppose -i + z - x*z - 17 = 0, 5*z + 5 = 0. Let a be i/16 - 646/(-8). Calculate the highest common divisor of 32 and a.
16
Let z be 6/4*(-8)/(-6) - -14. Suppose 0 = z*b - 13*b - 90. What is the highest common factor of b and 210?
30
Suppose -14 = -6*s + 7*s. Let o = 23 + s. What is the greatest common divisor of 63 and o?
9
Let d be (-59)/(-6) + (-11)/(-66). Let l be d/25 - (-176)/10. Calculate the greatest common factor of 12 and l.
6
Suppose 3*z + 19 = 49. Let l be 4/46 + (-77196)/(-966). Calculate the greatest common divisor of l and z.
10
Let j = -71 + 260. Suppose -5*s + 38 + 7 = 0. Let h(i) = i + 12. Let l be h(s). What is the highest common factor of l and j?
21
Let w(u) = -3*u + 23. Let r be w(6). Suppose -3*z = -f + 151, 4 = r*z - 1. What is the highest common divisor of f and 14?
14
Suppose 13*v - 11*v - 956 = 3*s, -483 = -v - s. What is the greatest common factor of v and 65?
13
Let r be 355 - (3 - (-12)/3). Calculate the greatest common divisor of 24 and r.
12
Let i = -238 + 338. What is the highest common factor of i and 225?
25
Let c(y) = -y + 44. Let u be c(-6). Calculate the greatest common divisor of u and 40.
10
Let y = -24 - -38. Suppose -137*b = -43*b - 15792. Calculate the greatest common factor of b and y.
14
Suppose -4*r + 300 = 4*i, -3*r - 7*i + 237 = -8*i. What is the greatest common factor of r and 130?
26
Suppose -4*d - 12 = -k + d, -2*k = 2*d. Suppose 0 = 3*f - 4*q + 3 - 18, -4*f = k*q - 42. Calculate the highest common divisor of f and 54.
9
Suppose -i - 42 = -4*i. Let d(q) = -58*q - 18. Let c be d(-3). Suppose 42 = -c*r + 158*r. What is the highest common factor of r and i?
7
Let q = -306 + 367. Calculate the highest common factor of 732 and q.
61
Let i be -4 - (-4 - 1 - 9). Let r be -2*i*2/(-4). Suppose -23 - 27 = -5*a. Calculate the greatest common divisor of a and r.
10
Let p(h) = -2*h - 7. Let x be p(-6). Suppose 0 = x*d - 0*d. Suppose d = -3*a + 638 - 233. Calculate the highest common divisor of 54 and a.
27
Let g(t) = t**3 + 24*t**2 - 51*t + 68. Let k be g(-26). Calculate the highest common divisor of k and 672.
42
Let b = 2752 - 638. What is the greatest common divisor of b and 14?
14
Let q be 25 + -1 - 20/4. Suppose 30 = -q*i + 22*i. Calculate the greatest common factor of i and 110.
10
Let o be (294/(-35))/(6/(-40)). Let n be (-420)/(-26) + (-38)/247. Calculate the greatest common divisor of n and o.
8
Suppose 0 = 12*q - 60 - 12. What is the greatest common divisor of q and 33?
3
Let j = -178 + 241. What is the greatest common divisor of 18 and j?
9
Let i(d) = 7*d + 9. Let u(x) = 4*x + 4. Let t = -13 + 8. Let f(h) = t*u(h) + 3*i(h). Let m be f(-5). Calculate the highest common factor of m and 5.
1
Let f = 466 + -76. Suppose 4*j - 10*j + f = 0. Calculate the greatest common divisor of 26 and j.
13
Suppose -d + 279 = -3*u, -3*d + 2*d = 5*u - 319. Calculate the highest common divisor of 84 and d.
42
Let f = -146 + 202. Calculate the highest common divisor of 28 and f.
28
Let f = 6 + 14. Suppose 4*v + 10 + 4 = y, -5*v + f = 5*y. Suppose -4*k + 38 = 3*b, 2*b = -3*k + 6 + 21. Calculate the greatest common divisor of y and b.
6
Suppose 190 = -p - 4*p. Let d = p - -43. What is the greatest common factor of d and 10?
5
Let x(l) = 15*l - 2. Let r(d) = d. Let n(z) = -4*r(z) + x(z). Let u = 6 + 0. Let j be n(u). What is the highest common divisor of 8 and j?
8
Let m be 2/(-3)*9*-58. Let i be ((-2)/8)/((-3)/m*1). Calculate the greatest common divisor of i and 232.
29
Let x(c) = -c**3 - 5*c**2 + 6*c + 6. Let n be x(-6). Suppose r + 4 = 4*b + 5*r, -4*b + 5*r = -22. What is the highest common divisor of b and n?
3
Let t(i) = i**3 + 27*i**2 + 22*i + 92. Let q be t(-26). Let n be ((-7)/2)/(2/(-16)). What is the greatest common factor of q and n?
28
Let n be ((-126)/10)/((-7)/35). Suppose 11*o - n = 8*o. Let a = 257 - 110. Calculate the highest common factor of o and a.
21
Let t(m) = -m**3 + 8*m**2 - 12*m + 4. Let d be t(6). Let a be 27 + (2/2 - d). What is the greatest common divisor of a and 6?
6
Let j = 4178 - 2578. Calculate the greatest common divisor of j and 50.
50
Suppose -1993 = -3*a + 5*g, 3*a + 0*g - 1973 = g. Let z = a - 315. Suppose -124 = -4*k + 4*d, 2*k - 62 = -4*d - d. What is the highest common factor of k and z?
31
Let h(b) = -b**3 + 13*b**2 - 11*b + 1. Let q be h(12). Let s(j) = j**2 + 6*j - 17. Let t be s(10). Calculate the highest common divisor of q and t.
13
Let c be 24/4 + (-9)/(-3) + -7. Suppose 2 = c*v, -14*l + 3*v - 2 = -13*l. Let a = 0 - -1. What is the highest common factor of l and a?
1
Let p = 541 + -457. Suppose -5*l + 97 = 2*r, -2*r - 10 + 2 = 0. What is the highest common factor of l and p?
21
Let l = 22 + -17. Suppose -2*s + 76 = l*a - 3*a, 0 = s + 3*a - 30. What is the greatest common divisor of 6 and s?
6
Let z = 11 - 14. Let p(c) = c**2 - c + 3. Let w be p(z). Suppose 0 = -17*k + 19*k - 20. Calculate the highest common factor of k and w.
5
Let s be -3 + 1 + 18*(-44)/(-66). Calculate the highest common divisor of s and 45.
5
Let c = 22 + -18. Suppose -c*o + 117 = -291. What is the highest common factor of o and 68?
34
Let s(z) = -z**2 - z - 7. Let l be s(-6). Let r = l - -79. Let x be 4/6 - (-38)/6. What 